**3 + 5*n**2 - 8*n - 9. What is the units digit of x(h)?
3
Suppose -33 - 12 = -3*r. Let c be (2 + -8)*7/(-2). Let q = c - r. What is the units digit of q?
6
Suppose 0*r + 3*r = 231. What is the tens digit of r?
7
Suppose 7 = 3*r - 26. What is the tens digit of r?
1
Let s(g) = -g**2 - 6*g + 1. Let v be s(-6). Suppose r - v = -0*r. What is the units digit of 10 - (3 - r - 1)?
9
What is the tens digit of 36 - (-1)/(2 + -1)?
3
Let c = -7 - -11. Suppose -5*w = -4*x - 13, 0 = 2*w + 3*x + 2*x - 25. Suppose 2*k + c*r - 20 = 0, w*k - 17 - 11 = r. What is the units digit of k?
6
Suppose 4*t + 4 = -4. Let h = 8 - 5. Let d = h + t. What is the units digit of d?
1
Suppose -h + 15 = 2*h. Let c = 7 - h. Suppose -c*z - 5*p = -6 - 14, -3*z - 4*p + 37 = 0. What is the tens digit of z?
1
Let m(n) = 4*n**3 - n**2. What is the tens digit of m(3)?
9
Let p(z) be the third derivative of z**5/60 - z**4/12 - 2*z**2. Let w be p(2). What is the units digit of 1/(w - (-2)/18)?
9
Suppose 3*a - 42 = -4*l - 12, 2*l = 4*a + 26. What is the units digit of l?
9
Let b(i) = -4*i**3 + 6*i**2 + 5*i - 2. What is the units digit of b(-2)?
4
Let h be -1 + -3*3/(-9). What is the units digit of 23 + h + 0 + 0?
3
Let k be 10/4 - 2/4. Suppose -5*g - 1 = 4*p - 2*p, 4*g + 4*p - 4 = 0. Let j = k + g. What is the units digit of j?
1
Let f be 12/(-9)*3/(-2). Suppose 0 = f*a - 8 - 0. Suppose 1 = -3*m + a. What is the units digit of m?
1
Suppose 15 = 5*c - 0. Suppose -c*j = j - 4. What is the units digit of j?
1
Let p(v) = -2*v + 11. Let j be p(18). Let c = j - -27. What is the units digit of c?
2
Suppose -4*y = l + l + 2, -5*l - 5 = -2*y. Let b = 10 - l. What is the tens digit of b?
1
What is the hundreds digit of (21 - 18)/((-1)/(-91))?
2
Let s be 6 + (-5 - -2) + 1. Suppose -s*o - h - 4*h + 25 = 0, h = -3. What is the tens digit of o?
1
Let r(p) = -p - 3. Let q be r(-4). Let o = q + 9. What is the units digit of o?
0
Let z be (0 + -1)*(-46)/2. Let t(l) = l**3 + 8*l**2 + 7*l. Let g be t(-7). Suppose -4*r + 25 + z = g. What is the tens digit of r?
1
Let g(v) = v**2 - 4*v - 10. What is the units digit of g(-6)?
0
Let f = 71 - 54. What is the units digit of f?
7
Suppose -5*b - 2 = 4*q, -2*q - 7 = b - 3. Suppose 6 = -3*s - 4*g - 8, b*s - 4*g = 4. What is the units digit of -7*(-1 + (s - -2))?
7
Let v = -17 + 27. Suppose -v*j - 72 = -12*j. What is the tens digit of j?
3
Suppose 0 = 5*w - z - 143, w + 2*z - 4*z = 25. What is the units digit of w?
9
Suppose -17 = -d + 14. Let h = -85 - -57. What is the units digit of d/4 - (-21)/h?
7
Let m(x) = x**3 + 12*x**2 - 12*x - 24. What is the units digit of m(-12)?
0
Let z = -178 - -314. What is the tens digit of z?
3
Let s be 37 + (-3 - (-1 - 0)). Let m = -15 + s. What is the tens digit of m?
2
Suppose 20*z + 185 = 25*z. What is the tens digit of z?
3
Let n = 34 - -9. What is the tens digit of n?
4
Let o = 1 - 0. What is the units digit of o - (-3 - (2 - 2))?
4
Let g = 8 - 0. Let k = -6 + g. What is the units digit of k?
2
Let i(r) = 24*r - 3. What is the tens digit of i(2)?
4
Let w(n) = 0 + 2 - n**3 - n - 9*n**2 - 9. Let i be w(-9). Suppose -3*c - 30 = -3*d, -10 - i = -d + 2*c. What is the units digit of d?
8
Let c(z) = -2*z + 6*z**2 + 5*z - 2*z. Let d be c(-1). Let r = 22 - d. What is the tens digit of r?
1
What is the hundreds digit of (0 - 18/4)*(-744)/18?
1
Let m = 12 - 8. Suppose -m*u + 3*u + 8 = 2*g, -5*u + g = -7. Suppose 3*y = n + 10, 6*y - 40 = u*y - 4*n. What is the units digit of y?
5
Let l(u) = u**2 - 8*u + 7. Let n be l(8). Suppose 0 = 4*h - n*h. Suppose 5*g + 2*o + 5 = 85, -4*o = h. What is the tens digit of g?
1
Let u(q) = q**2 + 11*q + 10. Let s be u(-10). Suppose s = 4*h - 5 - 43. What is the units digit of h/5 + 4/(-10)?
2
Suppose -2*p + 0*o + 12 = -2*o, 4*o = 0. What is the units digit of (6/p)/(1/15)?
5
Suppose -1 = -2*n + 3*n. Let d be (-44)/4 + (1 - 0). What is the units digit of 10*((-14)/d + n)?
4
Let l(y) = -2*y - 3. Let a(k) = -7*k - 12. Let b(g) = -2*a(g) + 9*l(g). What is the tens digit of b(-6)?
2
Suppose 0 = -4*t - 2 - 2. Let p be 9/(-5 + 2) - t. What is the units digit of 11/2 + p/(-4)?
6
Suppose 3*t - 7 = -2*l + 20, t - 5 = 0. Let x = -7 - 1. Let k = l - x. What is the tens digit of k?
1
Suppose 0 = -4*z + 7*z - 141. Let m = z + -26. What is the units digit of m?
1
Let k(z) = 4*z**2 + 2*z**2 - 6 + 4*z + z**3 + 3. What is the tens digit of k(-4)?
1
Let p = -8 - -11. Suppose -31 = p*h - 97. What is the tens digit of h?
2
Let j = -92 - -172. What is the tens digit of j?
8
Suppose 2*j - 5*j + 12 = 0. Let g(a) = -a**3 + 6*a**2 - 2*a - 1. What is the units digit of g(j)?
3
What is the units digit of 4/(-18) - (-168)/27?
6
Let c = 9 + -4. Suppose -k = -c*k + 8. Suppose 26 = 2*u + k. What is the units digit of u?
2
Let x(u) = -7*u - 6. Suppose 3*g + 5*p - 4*p = -22, -3*p = -5*g - 18. Let f be x(g). Let v = f - 25. What is the units digit of v?
1
Let s(m) be the second derivative of m**3/6 + 3*m**2 + 2*m. Let r be s(0). What is the units digit of (-2)/1*(-3)/r?
1
Let y = 1 + -6. What is the tens digit of 5*y/(100/(-68))?
1
What is the units digit of 1/3 - 1 - 6080/(-48)?
6
Let j(h) = h + 2. Let i be j(-2). Let w(z) = 3*z - 28. Let m be w(11). Let a = m + i. What is the units digit of a?
5
Suppose 60 = 2*d + 24. What is the units digit of d?
8
Let z(i) = -i - 2. Suppose 0*l + l - 11 = 3*d, -5*l - 2 = 4*d. What is the units digit of z(d)?
1
Suppose -239 = -2*g - 5*k, 11*k + 5 = 6*k. What is the hundreds digit of g?
1
Let g(p) = 15*p**2 + 3*p - 6. What is the hundreds digit of g(-3)?
1
Let v = 2 - 5. Let i(n) = -n - 4. Let h be i(v). Let q = 2 + h. What is the units digit of q?
1
Let s = 18 + -31. Suppose -20 = 4*f + f. Let g = f - s. What is the units digit of g?
9
What is the units digit of 35*(-2 - 408/(-42))?
0
Suppose 7*f - 5*f = -42. Let z = f - -41. What is the tens digit of z?
2
Suppose -i = -h + 2*h - 5, -i + 2*h = -5. Suppose i*y = 4*y + 3. Let b = y - 2. What is the units digit of b?
1
Suppose 5*r - 5 = -0. Suppose 5 - r = 2*u. Suppose b = 6*g - u*g - 10, b - 5 = g. What is the tens digit of b?
1
Suppose 44 = 3*l - 2*i, -5*l + i = -3*l - 31. Suppose l = 4*s - p + 5, -9 = -3*p. What is the units digit of s?
4
What is the units digit of (((-121)/(-4))/1)/((-24)/(-96))?
1
Let z be 15*(3 - 2/(-10)). What is the units digit of 1/(3/z) - -1?
7
Suppose u = 4*i + 25, -4*u - 10 = -u + 5*i. Suppose -h - 4*h = u. Let q = 3 + h. What is the units digit of q?
2
Let z(f) = -16*f**2 + 4*f - 11. Let x(l) = -3*l**2 + l - 2. Let s(r) = -11*x(r) + 2*z(r). Let w be s(4). Suppose -w = -5*n + 6. What is the units digit of n?
2
Let y(q) = q**3 + 8*q**2 + 5*q - 4. Let l be 14/3*(-6)/4. What is the tens digit of y(l)?
1
Suppose 9 = -s - 2*s. Let f be -11*(3 + s - 1). Suppose -8 = -4*j - 4*w, -w - f = -j + w. What is the units digit of j?
5
Let c(m) = m**3 + 6*m**2 + 5*m. Let d be c(-5). Suppose -3*g - r - 4*r + 7 = d, 2*g - 4*r = 12. Suppose -26 - 2 = -g*s. What is the units digit of s?
7
Suppose -55 = -b - 4*x, -5*b + 4*x = -4*b - 39. What is the tens digit of b?
4
Suppose 132 = -12*o + 14*o. What is the tens digit of o?
6
Let t(b) = 3*b**2 - 6*b - 4. Let m be t(-4). Suppose 2*j + 2 - 4 = 0, 2*j + m = 5*u. What is the units digit of u?
4
Let q(b) = -b + 2. Let l be q(1). Let j be ((l + -1)/1)/1. Suppose 0 = -4*y - j*y + 12. What is the units digit of y?
3
Let q = 5 - 3. Suppose -4*v = 2*c - q, 0*v - v = 3. What is the units digit of c?
7
Suppose 0 = -4*o + 3 + 405. Suppose 126 = 5*f - 3*y, y = 4*f - y - o. What is the units digit of f?
7
Suppose 4*u - j - 292 = -5*j, 283 = 4*u - 5*j. What is the units digit of u?
2
Let y(h) = h**2 + 2*h + 1 + 3 - 1. Let m(n) = -n - 9. Let d be m(-6). What is the units digit of y(d)?
6
Let o = -5 - -7. What is the units digit of (3 + -2)*12 - o?
0
Suppose -x - 2*x + 2835 = 0. Suppose -5*h = x + 1395. What is the tens digit of 2/7 - h/28?
1
Let a = -26 - -93. What is the units digit of a?
7
Let s = -41 + 48. What is the units digit of s?
7
Let q(a) = -a + 1. Let d be q(-7). Suppose d + 0 = 4*w. What is the units digit of 2/(-4)*(-4)/w?
1
What is the units digit of ((-15)/6)/((-2)/4)*17?
5
Let p(d) = -2*d - 6. What is the tens digit of p(-9)?
1
Let z be (4 + -1)*(-16)/(-24). Suppose 5*t - z*i = 2*t + 59, -t = 5*i + 